 a(-9).
13
Let a(x) = -x**2 - 5*x + 76. Determine a(-11).
10
Let k(c) = c**2 + 7*c - 739. What is k(-36)?
305
Let u(k) = -k**2 + 44*k + 868. Calculate u(-15).
-17
Let w(p) = 9*p**3 - p**2 - 6*p - 7. Calculate w(-3).
-241
Let v(s) = 4*s**2 + 15*s + 29. Calculate v(-10).
279
Let f(i) = 4933*i - 4936. What is f(1)?
-3
Let r(k) = -18*k - 1. Calculate r(2).
-37
Let p(t) = t**3 - 43*t**2 + 86*t - 190. Determine p(41).
-26
Let o(n) = 2*n**3 + 100*n**2 + 2*n + 131. Determine o(-50).
31
Let a(s) = -2*s**3 + 161*s**2 + 249*s - 171. Determine a(82).
75
Let f(n) = 40*n + 1200. Determine f(-30).
0
Let s(n) = n**2 - 54*n + 345. Determine s(7).
16
Let w(m) = m**3 - 89*m**2 - 258*m - 1662. What is w(92)?
-6
Let y(v) = -4*v**3 - 58*v**2 + 21*v + 15. Calculate y(-15).
150
Let l(p) = -p**3 - 5*p**2 + 30*p + 96. What is l(-7)?
-16
Let f(j) = 130*j**2 - 108*j - 1. Calculate f(1).
21
Let a(q) = 8*q**3 - 16*q**2 - 24*q + 83. Calculate a(3).
83
Let j(d) = -133*d - 1353. Calculate j(-10).
-23
Let k(x) = x**3 + 4*x - 67. Give k(0).
-67
Let u(v) = -198*v + 5941. What is u(30)?
1
Let q(g) = 3*g**2 + 20*g - 254. Calculate q(6).
-26
Let m(b) = 2*b**2 + 18*b - 14. Determine m(-10).
6
Let y(i) = -239*i + 16001. What is y(67)?
-12
Let o(b) = 5*b**2 + 74*b - 41. Give o(-14).
-97
Let y(h) = h**3 - 62*h**2 - 132*h + 200. Give y(64).
-56
Let c(s) = 4*s**2 + 72*s - 1. Determine c(-15).
-181
Let o(h) = 9*h**3 - h**2 + 12*h - 25. Give o(2).
67
Let a(g) = 35*g**2 - 126*g - 213. Determine a(5).
32
Let y(o) = -o**3 + 12*o**2 + 60*o + 76. Calculate y(16).
12
Let z(r) = r**3 - 15*r**2 - 11*r - 9. Give z(16).
71
Let n(l) = 2*l**3 + 38*l**2 + 104*l + 1. Determine n(-15).
241
Let f(k) = -54*k**2 - 441*k - 79. Calculate f(-8).
-7
Let m(l) = 38*l + 338. Determine m(-11).
-80
Let n(t) = t**2 + 10. Calculate n(2).
14
Let a(o) = 932*o - 3729. Determine a(4).
-1
Let b(s) = 2*s**2 + 7459*s + 29824. Give b(-4).
20
Let s(q) = -q**3 + 5*q**2 + 3*q + 14. Determine s(7).
-63
Let n(o) = -967*o - 16445. What is n(-17)?
-6
Let w(a) = -a**3 + 60*a**2 - 279*a + 189. Calculate w(55).
-31
Let u(h) = h**3 + 13*h**2 + 23*h - 100. Give u(-10).
-30
Let u(x) = -85*x + 525. What is u(6)?
15
Let f(k) = -4*k**2 + 79*k + 4. Calculate f(20).
-16
Let v(u) = -195*u + 981. What is v(5)?
6
Let j(r) = 10*r**2 - 1177*r + 1978. What is j(116)?
6
Let y(h) = -h**3 - 137*h**2 - 573*h - 5457. Calculate y(-133).
-4
Let s(w) = 3*w**3 - 19*w**2 - 3*w + 93. What is s(5)?
-22
Let z(j) = 2*j**2 + 167*j - 788. Give z(-88).
4
Let q(z) = -605*z + 603. Determine q(1).
-2
Let j(s) = -4*s**3 - 6*s + 19. Determine j(0).
19
Let r(c) = 143*c + 55. Calculate r(1).
198
Let m(j) = 1021*j + 9202. Give m(-9).
13
Let h(o) = 192*o - 1703. What is h(9)?
25
Let t(w) = w**2 + 119*w - 2543. Give t(19).
79
Let w(q) = -2*q**2 + 47*q + 2. What is w(19)?
173
Let h(j) = -j**3 - 6*j**2 - 10*j - 9. What is h(-3)?
-6
Let v(f) = 2*f**3 + 10*f**2 - 15*f - 126. Calculate v(-6).
-108
Let h(w) = w**3 + 10*w**2 - 10*w - 40. What is h(-11)?
-51
Let q(c) = c**3 + 3*c**2 - 23*c - 73. Give q(-4).
3
Let q(t) = 101*t + 5540. Calculate q(-55).
-15
Let g(w) = 102*w + 1840. Determine g(-18).
4
Let r(o) = 120*o - 1019. Calculate r(8).
-59
Let g(i) = i**2 - 588*i - 53437. Calculate g(-80).
3
Let q(j) = -26*j + 310. Give q(10).
50
Let c(z) = -z**3 + 5*z**2 + 50*z + 64. Give c(-4).
8
Let a(b) = 96*b + 565. Give a(-6).
-11
Let s(v) = 2*v**2 + 25*v + 119. Calculate s(-8).
47
Let b(r) = -6*r**2 - 11*r + 6. Determine b(4).
-134
Let g(i) = -2*i**3 + 16*i**2 + 15*i - 205. Calculate g(7).
-2
Let x(i) = i**2 - 34*i + 235. Calculate x(25).
10
Let f(k) = -k**3 - 5*k**2 + 103*k + 390. Determine f(-4).
-38
Let o(d) = 337*d + 18112. Determine o(-54).
-86
Let v(m) = 2*m**3 + 186*m**2 - 15*m - 476. What is v(-93)?
919
Let t(p) = -146*p + 252. What is t(2)?
-40
Let u(a) = -4*a + 114. Calculate u(0).
114
Let c(t) = -t**2 + 422*t - 5799. What is c(14)?
-87
Let t(u) = -2*u**3 - 22*u**2 + 47*u + 273. Calculate t(-12).
-3
Let j(y) = 4*y + 16. Calculate j(1).
20
Let b(f) = 3*f**2 + 220*f - 1717. Give b(-81).
146
Let x(p) = -p**3 + 19*p**2 - 37*p + 310. Calculate x(18).
-32
Let i(r) = -2*r**2 - 28*r + 712. What is i(-27)?
10
Let k(j) = 2*j**2 - 4*j - 3. Determine k(3).
3
Let j(o) = -3*o**2 + 383*o - 152. Give j(127).
102
Let b(t) = 2*t**3 - 2*t**2 + 3*t - 5. Calculate b(1).
-2
Let j(b) = -4*b**3 + 8*b + 12. Give j(-5).
472
Let c(m) = -m - 71. Give c(13).
-84
Let p(l) = -9*l + 533. Determine p(-45).
938
Let u(i) = -4*i**3 + 487*i**2 - 844*i + 472. Determine u(120).
-8
Let z(v) = v**3 + 28*v**2 - 88*v + 42. What is z(-31)?
-113
Let f(o) = -7881*o - 86685. Give f(-11).
6
Let m(j) = -j**3 + 19*j**2 - 19*j + 25. What is m(18)?
7
Let s(g) = g**2 + 27*g - 424. Give s(21).
584
Let b(k) = 12*k**2 - 8*k + 13. What is b(2)?
45
Let b(r) = -63*r - 73. Calculate b(5).
-388
Let q(c) = -c**2 + 192*c + 1222. Calculate q(-6).
34
Let x(c) = 431*c + 66373. What is x(-154)?
-1
Let t(z) = 7*z + 207. What is t(-31)?
-10
Let i(f) = -124*f + 5207. What is i(42)?
-1
Let z(q) = -21*q**2 - 4*q - 86. Give z(0).
-86
Let x(y) = 6*y**2 - 564*y + 5055. Give x(84).
15
Let o(r) = -160*r - 3840. What is o(-24)?
0
Let x(r) = r**3 + 137*r**2 + 1384*r - 239. Calculate x(-126).
13
Let w(t) = 29*t + 185. Determine w(20).
765
Let l(o) = -4*o**2 - 39*o. Determine l(-11).
-55
Let y(d) = 8*d + 706. What is y(-75)?
106
Let m(q) = -14*q - 1964. Give m(-138).
-32
Let g(p) = -20*p**2 + 159*p + 5. Calculate g(8).
-3
Let p(c) = c**2 - 3*c - 15. Calculate p(-2).
-5
Let a(o) = -20*o**2 - 76*o - 187. Calculate a(-2).
-115
Let c(q) = q**3 + 3*q**2 - 79*q - 290. What is c(-4)?
10
Let x(n) = -n**2 + 48*n + 100. Calculate x(-2).
0
Let h(g) = -19*g + 117. Give h(9).
-54
Let b(l) = l**3 + 8*l**2 + 12*l + 432. Determine b(-11).
-63
Let p(y) = 2*y**2 - 10*y - 160. Give p(-14).
372
Let s(o) = -4*o - 193. What is s(-43)?
-21
Let y(x) = -x**3 + 64*x**2 - 68*x + 328. Calculate y(63).
13
Let t(o) = -o**3 + 5*o**2 + 8*o - 13. Calculate t(7).
-55
Let x(o) = 23*o - 53. Give x(2).
-7
Let q(d) = 138*d**2 - 149*d + 3. Calculate q(1).
-8
Let x(m) = -m**3 + 46*m**2 + 95*m - 221. Determine x(48).
-269
Let s(n) = 2*n**2 + 51*n - 14. What is s(-26)?
12
Let y(s) = 7*s**2 - 1241*s + 348. Determine y(177).
-6
Let i(t) = 4*t**3 - 366*t**2 - 937*t - 286. Determine i(94).
-4
Let u(v) = 352*v + 1776. Give u(-5).
16
Let w(n) = 68*n + 943. What is w(-14)?
-9
Let g(y) = -100*y - 1526. Give g(-15).
-26
Let u(l) = 1917*l + 57482. What is u(-30)?
-28
Let g(j) = -j**3 - 24*j**2 - 44*j + 65. Determine g(-21).
-334
Let o(p) = 2*p**3 + 18*p**2 - 4*p - 28. Calculate o(-9).
8
Let i(y) = 13*y**2 + 26*y - 23. Determine i(-4).
81
Let z(u) = u**2 - 15*u + 22. What is z(7)?
-34
Let r(d) = -d**3 + 10*d**2 + 3*d - 148. Give r(9).
-40
Let d(r) = r**3 - 27*r**2 + 82*r - 795. What is d(25)?
5
Let x(w) = 72*w + 3995. Determine x(-54).
107
Let v(q) = -q**3 + 4*q**2 - 17*q + 80. Calculate v(4).
12
Let q(g) = g**3 + 24*g**2 + 26*g + 6. Determine q(-23).
-63
Let m(x) = -75*x**2 - 673*x + 28. What is m(-9)?
10
Let m(g) = 13*g**3 - 52*g**2 + 9*g - 38. Determine m(4).
-2
Let b(i) = -4*i - 8. Determine b(5).
-28
Let x(z) = z**3 - 4*z**2 + 29*z - 67. Calculate x(3).
11
Let p(w) = -21*w**3 - 377*w**2 + 23*w + 66. What is p(-18)?
-24
Let m(j) = j**2 - 2*j - 67. Determine m(-12).
101
Let y(c) = -172*c - 3371. Determine y(-21).
241
Let c(d) = 10*d - 288. What is c(26)?
-28
Let x(k) = -2*k**3 - 20*k**2 - 19*k - 3. Give x(-9).
6
Let v(t) = 66*t - 35. What is v(5)?
295
Let c(x) = -1323*x + 15865. Determine c(12).
-11
Let c(k) = k**3 - 10*k**2 + 7*k - 16. What is c(9)?
-34
Let w(s) = 2*s**3 + 60*s**2 + 59*s + 14. Determine w(-29).
-15
Let v(y) = -87*y - 33. Calculate v(-3).
228
Let w(p) = 146*p + 727. Give w(-5).
-3
Let j(n) = 2*n**3 + 164*n**2 - 167*n - 86. What is j(-83)?
-3
Let h(j) = -2*j**2 - 1928*j - 41452. Calculate h(-22).
-4
Let w(h) = h**2 - 13*h - 26. Calculate w(-3).
22
Let n(b) = 9*b + 523. What is n(-57)?
10
Let h(l) = -167*l + 2042. Give h(12).
38
Let d(o) = -o**2 + 61*o - 427. What is d(56)?
-147
Let m(w) = 716*w - 4290. Calculate m(6).
6
Let b(o) = -o**3 - 11*o**2 - 15*o + 37. Give b(-9).
10
Let x(p) = p**2 - 18*p - 53. Determine x(20).
-13
Let o(r) = r**3 - 19*r**2 - 42*r + 27. Give o(21).
27
Let l(f) = 